{"id":16,"date":"2025-08-30T19:13:45","date_gmt":"2025-08-30T17:13:45","guid":{"rendered":"https:\/\/guigotsu.com\/jalmavev3\/?page_id=16"},"modified":"2025-10-14T13:08:05","modified_gmt":"2025-10-14T11:08:05","slug":"devenir-benevole","status":"publish","type":"page","link":"http:\/\/jalmalv-estvar.fr\/?page_id=16","title":{"rendered":"Devenir b\u00e9n\u00e9vole"},"content":{"rendered":"\n<p><strong>Choisissez le type de b\u00e9n\u00e9volat qui vous convient&nbsp;: trois formes de b\u00e9n\u00e9volat \u00e0&nbsp;JALMALV&nbsp;:<\/strong><\/p>\n\n\n\n<ul class=\"wp-block-list\">\n<li><strong>Un accompagnement de pr\u00e9sence et d\u2019\u00e9coute\u00a0aupr\u00e8s des personnes en fin de vie, cela vous prendra une demi-journ\u00e9e par semaine.<\/strong><\/li>\n\n\n\n<li><strong>Le b\u00e9n\u00e9volat dans la ville, constitu\u00e9 d\u2019actions culturelles dans notre soci\u00e9t\u00e9 :<\/strong><\/li>\n<\/ul>\n\n\n\n<p><strong>Repr\u00e9senter les usagers du syst\u00e8me de sant\u00e9 dans les instances hospitali\u00e8res<\/strong><\/p>\n\n\n\n<p><strong>Mettre en \u0153uvre des conf\u00e9rences, de t\u00e9moignages ou de projections-d\u00e9bat, intervention dans les \u00e9coles.<\/strong><\/p>\n\n\n\n<ul class=\"wp-block-list\">\n<li><strong>Le b\u00e9n\u00e9volat de structure\u00a0exerc\u00e9 \u00e0 l\u2019association, notamment pour assurer la permanence d\u2019accueil ou pour l\u2019animation de son fonctionnement, le secr\u00e9tariat\u2026.etc<\/strong><\/li>\n<\/ul>\n\n\n\n<p><strong>* * *<\/strong><\/p>\n\n\n\n<p>Pour le&nbsp;<strong>b\u00e9n\u00e9volat d\u2019accompagnement<\/strong>&nbsp;de pr\u00e9sence et d\u2019\u00e9coute, un parcours de pr\u00e9paration permet votre engagement progressif.<\/p>\n\n\n\n<p>Il comporte quatre \u00e9tapes : une sensibilisation puis une formation initiale, une formation continue et la participation aux groupes de parole.<\/p>\n\n\n\n<p><strong>&nbsp;\u25baLa sensibilisation<\/strong><\/p>\n\n\n\n<p>Information sur les questions de la fin de vie,<\/p>\n\n\n\n<p>Information sur l\u2019action de JALMALV, ses diff\u00e9rents b\u00e9n\u00e9volats, son organisation<\/p>\n\n\n\n<p>Elle se d\u00e9roule sur une journ\u00e9e, \u00e0 l\u2019association, sans aucun engagement et elle est gratuite.<\/p>\n\n\n\n<p><strong>&nbsp;\u25baLa formation initiale<\/strong><\/p>\n\n\n\n<p>Socle th\u00e9orique sur la fin de vie, les soins palliatifs, le mouvement JALMALV et sur l\u2019\u00e9coute,<\/p>\n\n\n\n<p>Formation pratique \u00e0 l\u2019\u00e9coute, aux situations de b\u00e9n\u00e9volat de pr\u00e9sence et d\u2019\u00e9coute<\/p>\n\n\n\n<p>Mise en situation pratique pour les futurs accompagnants b\u00e9n\u00e9voles<\/p>\n\n\n\n<p>Elle se compose de six journ\u00e9es ou plus, entretiens avec les b\u00e9n\u00e9voles de JALMALV et un psychologue, avec un contrat d\u2019engagement et une participation partielle aux co\u00fbts.<\/p>\n\n\n\n<p><strong>\u25ba La formation continue<\/strong><\/p>\n\n\n\n<p>Approfondissement sur des th\u00e8mes particuliers comme, par exemple :<\/p>\n\n\n\n<p>\u00c9thique dans l\u2019accompagnement<\/p>\n\n\n\n<p>Accompagnement des endeuill\u00e9s<\/p>\n\n\n\n<p>Accompagnement des personnes non-communicantes<\/p>\n\n\n\n<p>Oser parler de la mort avec les enfants et les adolescents<\/p>\n\n\n\n<p>Elle aura lieu deux fois par an \u00e0 l\u2019initiative de JALMALV EST-VAR et elle est obligatoire.<\/p>\n\n\n\n<p><strong>\u25ba Les groupes de parole<\/strong><\/p>\n\n\n\n<p>Ils sont obligatoires et ont lieu toutes les six semaines.<\/p>\n\n\n\n<p>Ils sont anim\u00e9s par un psychologue<\/p>\n","protected":false},"excerpt":{"rendered":"<p>Choisissez le type de b\u00e9n\u00e9volat qui vous convient&nbsp;: trois formes de b\u00e9n\u00e9volat \u00e0&nbsp;JALMALV&nbsp;: Repr\u00e9senter les usagers du syst\u00e8me de sant\u00e9 dans les instances hospitali\u00e8res Mettre en \u0153uvre des conf\u00e9rences, de t\u00e9moignages ou de projections-d\u00e9bat, intervention dans les \u00e9coles. * * * Pour le&nbsp;b\u00e9n\u00e9volat d\u2019accompagnement&nbsp;de pr\u00e9sence et d\u2019\u00e9coute, un parcours de pr\u00e9paration permet votre engagement progressif. Il comporte quatre \u00e9tapes : une sensibilisation puis une formation initiale, une formation continue et la participation aux groupes de parole. &nbsp;\u25baLa sensibilisation Information sur&#8230;<\/p>\n<p class=\"read-more\"><a class=\"btn btn-default\" href=\"http:\/\/jalmalv-estvar.fr\/?page_id=16\">Lire la suite<span class=\"screen-reader-text\"> Lire la suite<\/span><\/a><\/p>\n","protected":false},"author":1,"featured_media":0,"parent":0,"menu_order":0,"comment_status":"closed","ping_status":"closed","template":"","meta":{"footnotes":""},"class_list":["post-16","page","type-page","status-publish","hentry"],"_links":{"self":[{"href":"http:\/\/jalmalv-estvar.fr\/index.php?rest_route=\/wp\/v2\/pages\/16","targetHints":{"allow":["GET"]}}],"collection":[{"href":"http:\/\/jalmalv-estvar.fr\/index.php?rest_route=\/wp\/v2\/pages"}],"about":[{"href":"http:\/\/jalmalv-estvar.fr\/index.php?rest_route=\/wp\/v2\/types\/page"}],"author":[{"embeddable":true,"href":"http:\/\/jalmalv-estvar.fr\/index.php?rest_route=\/wp\/v2\/users\/1"}],"replies":[{"embeddable":true,"href":"http:\/\/jalmalv-estvar.fr\/index.php?rest_route=%2Fwp%2Fv2%2Fcomments&post=16"}],"version-history":[{"count":2,"href":"http:\/\/jalmalv-estvar.fr\/index.php?rest_route=\/wp\/v2\/pages\/16\/revisions"}],"predecessor-version":[{"id":96,"href":"http:\/\/jalmalv-estvar.fr\/index.php?rest_route=\/wp\/v2\/pages\/16\/revisions\/96"}],"wp:attachment":[{"href":"http:\/\/jalmalv-estvar.fr\/index.php?rest_route=%2Fwp%2Fv2%2Fmedia&parent=16"}],"curies":[{"name":"wp","href":"https:\/\/api.w.org\/{rel}","templated":true}]}}

Devenir bénévole

<p><strong>Choisissez le type de bénévolat qui vous convient&nbsp;: trois formes de bénévolat à&nbsp;JALMALV&nbsp;:</strong></p>



<ul class="wp-block-list">
<li><strong>Un accompagnement de présence et d’écoute auprès des personnes en fin de vie, cela vous prendra une demi-journée par semaine.</strong></li>



<li><strong>Le bénévolat dans la ville, constitué d’actions culturelles dans notre société :</strong></li>
</ul>



<p><strong>Représenter les usagers du système de santé dans les instances hospitalières</strong></p>



<p><strong>Mettre en œuvre des conférences, de témoignages ou de projections-débat, intervention dans les écoles.</strong></p>



<ul class="wp-block-list">
<li><strong>Le bénévolat de structure exercé à l’association, notamment pour assurer la permanence d’accueil ou pour l’animation de son fonctionnement, le secrétariat….etc</strong></li>
</ul>



<p><strong>* * *</strong></p>



<p>Pour le&nbsp;<strong>bénévolat d’accompagnement</strong>&nbsp;de présence et d’écoute, un parcours de préparation permet votre engagement progressif.</p>



<p>Il comporte quatre étapes : une sensibilisation puis une formation initiale, une formation continue et la participation aux groupes de parole.</p>



<p><strong>&nbsp;►La sensibilisation</strong></p>



<p>Information sur les questions de la fin de vie,</p>



<p>Information sur l’action de JALMALV, ses différents bénévolats, son organisation</p>



<p>Elle se déroule sur une journée, à l’association, sans aucun engagement et elle est gratuite.</p>



<p><strong>&nbsp;►La formation initiale</strong></p>



<p>Socle théorique sur la fin de vie, les soins palliatifs, le mouvement JALMALV et sur l’écoute,</p>



<p>Formation pratique à l’écoute, aux situations de bénévolat de présence et d’écoute</p>



<p>Mise en situation pratique pour les futurs accompagnants bénévoles</p>



<p>Elle se compose de six journées ou plus, entretiens avec les bénévoles de JALMALV et un psychologue, avec un contrat d’engagement et une participation partielle aux coûts.</p>



<p><strong>► La formation continue</strong></p>



<p>Approfondissement sur des thèmes particuliers comme, par exemple :</p>



<p>Éthique dans l’accompagnement</p>



<p>Accompagnement des endeuillés</p>



<p>Accompagnement des personnes non-communicantes</p>



<p>Oser parler de la mort avec les enfants et les adolescents</p>



<p>Elle aura lieu deux fois par an à l’initiative de JALMALV EST-VAR et elle est obligatoire.</p>



<p><strong>► Les groupes de parole</strong></p>



<p>Ils sont obligatoires et ont lieu toutes les six semaines.</p>



<p>Ils sont animés par un psychologue</p>

<p>Choisissez le type de bénévolat qui vous convient&nbsp;: trois formes de bénévolat à&nbsp;JALMALV&nbsp;: Représenter les usagers du système de santé dans les instances hospitalières Mettre en œuvre des conférences, de témoignages ou de projections-débat, intervention dans les écoles. * * * Pour le&nbsp;bénévolat d’accompagnement&nbsp;de présence et d’écoute, un parcours de préparation permet votre engagement progressif. Il comporte quatre étapes : une sensibilisation puis une formation initiale, une formation continue et la participation aux groupes de parole. &nbsp;►La sensibilisation Information sur&#8230;</p>
<p class="read-more"><a class="btn btn-default" href="http://jalmalv-estvar.fr/?page_id=16">Lire la suite<span class="screen-reader-text"> Lire la suite</span></a></p>
