{"id":18,"date":"2025-08-30T19:13:57","date_gmt":"2025-08-30T17:13:57","guid":{"rendered":"https:\/\/guigotsu.com\/jalmavev3\/?page_id=18"},"modified":"2025-10-10T18:33:22","modified_gmt":"2025-10-10T16:33:22","slug":"nos-actualites","status":"publish","type":"page","link":"http:\/\/jalmalv-estvar.fr\/?page_id=18","title":{"rendered":"Nos actualit\u00e9s"},"content":{"rendered":"<ul class=\"wp-block-latest-posts__list wp-block-latest-posts\"><li><a class=\"wp-block-latest-posts__post-title\" href=\"http:\/\/jalmalv-estvar.fr\/?p=296\">Formation initiale<\/a><div class=\"wp-block-latest-posts__post-full-content\"><!-- wp:image -->\n<figure class=\"wp-block-image\"><img alt=\"\" \/><\/figure>\n<!-- \/wp:image -->\n\n<!-- wp:image {\"id\":297,\"width\":\"304px\",\"height\":\"auto\",\"sizeSlug\":\"large\",\"linkDestination\":\"none\"} -->\n<figure class=\"wp-block-image size-large is-resized\"><img fetchpriority=\"high\" decoding=\"async\" width=\"1024\" height=\"768\" src=\"http:\/\/jalmalv-estvar.fr\/wp-content\/uploads\/2026\/03\/formation-initiale-2026-03-26-at-16.01.52-1024x768.jpeg\" alt=\"\" class=\"wp-image-297\" style=\"width:304px;height:auto\" srcset=\"http:\/\/jalmalv-estvar.fr\/wp-content\/uploads\/2026\/03\/formation-initiale-2026-03-26-at-16.01.52-1024x768.jpeg 1024w, http:\/\/jalmalv-estvar.fr\/wp-content\/uploads\/2026\/03\/formation-initiale-2026-03-26-at-16.01.52-300x225.jpeg 300w, http:\/\/jalmalv-estvar.fr\/wp-content\/uploads\/2026\/03\/formation-initiale-2026-03-26-at-16.01.52-768x576.jpeg 768w, http:\/\/jalmalv-estvar.fr\/wp-content\/uploads\/2026\/03\/formation-initiale-2026-03-26-at-16.01.52-1536x1152.jpeg 1536w, http:\/\/jalmalv-estvar.fr\/wp-content\/uploads\/2026\/03\/formation-initiale-2026-03-26-at-16.01.52-360x270.jpeg 360w, http:\/\/jalmalv-estvar.fr\/wp-content\/uploads\/2026\/03\/formation-initiale-2026-03-26-at-16.01.52.jpeg 1600w\" sizes=\"(max-width: 1024px) 100vw, 1024px\" \/><\/figure>\n<!-- \/wp:image -->\n\n<!-- wp:paragraph -->\n<p>Nouvelle formation d\u00e9but\u00e9e en F\u00e9vrier pour 7 candidats \u00e0 l&rsquo;accompagnement avec de gauche \u00e0 droite : <\/p>\n<!-- \/wp:paragraph -->\n\n<!-- wp:paragraph -->\n<p>Beno\u00eet notre formateur , Katharina, Carole, Manon, R\u00e9gine, Eva, St\u00e9phane, Marie-Ange et Danielle notre pr\u00e9sidente.<\/p>\n<!-- \/wp:paragraph --><\/div><\/li>\n<li><a class=\"wp-block-latest-posts__post-title\" href=\"http:\/\/jalmalv-estvar.fr\/?p=283\">Assembl\u00e9e G\u00e9n\u00e9rale du 7 F\u00e9vrier 2026<\/a><div class=\"wp-block-latest-posts__post-full-content\"><!-- wp:gallery {\"linkTo\":\"none\",\"layout\":{\"type\":\"flex\",\"flexWrap\":null}} -->\n<figure class=\"wp-block-gallery has-nested-images columns-default is-cropped\"><!-- wp:image {\"id\":290,\"sizeSlug\":\"large\",\"linkDestination\":\"none\"} -->\n<figure class=\"wp-block-image size-large\"><img decoding=\"async\" width=\"1024\" height=\"768\" src=\"http:\/\/jalmalv-estvar.fr\/wp-content\/uploads\/2026\/03\/IMG_4125-1-1024x768.jpg\" alt=\"\" class=\"wp-image-290\" srcset=\"http:\/\/jalmalv-estvar.fr\/wp-content\/uploads\/2026\/03\/IMG_4125-1-1024x768.jpg 1024w, http:\/\/jalmalv-estvar.fr\/wp-content\/uploads\/2026\/03\/IMG_4125-1-300x225.jpg 300w, http:\/\/jalmalv-estvar.fr\/wp-content\/uploads\/2026\/03\/IMG_4125-1-768x576.jpg 768w, http:\/\/jalmalv-estvar.fr\/wp-content\/uploads\/2026\/03\/IMG_4125-1-1536x1152.jpg 1536w, http:\/\/jalmalv-estvar.fr\/wp-content\/uploads\/2026\/03\/IMG_4125-1-2048x1536.jpg 2048w, http:\/\/jalmalv-estvar.fr\/wp-content\/uploads\/2026\/03\/IMG_4125-1-360x270.jpg 360w\" sizes=\"(max-width: 1024px) 100vw, 1024px\" \/><\/figure>\n<!-- \/wp:image -->\n\n<!-- wp:image {\"id\":291,\"width\":\"427px\",\"height\":\"auto\",\"sizeSlug\":\"large\",\"linkDestination\":\"none\"} -->\n<figure class=\"wp-block-image size-large is-resized\"><img decoding=\"async\" width=\"1024\" height=\"689\" src=\"http:\/\/jalmalv-estvar.fr\/wp-content\/uploads\/2026\/03\/IMG_4124-1-1024x689.jpg\" alt=\"\" class=\"wp-image-291\" style=\"width:427px;height:auto\" srcset=\"http:\/\/jalmalv-estvar.fr\/wp-content\/uploads\/2026\/03\/IMG_4124-1-1024x689.jpg 1024w, http:\/\/jalmalv-estvar.fr\/wp-content\/uploads\/2026\/03\/IMG_4124-1-300x202.jpg 300w, http:\/\/jalmalv-estvar.fr\/wp-content\/uploads\/2026\/03\/IMG_4124-1-768x517.jpg 768w, http:\/\/jalmalv-estvar.fr\/wp-content\/uploads\/2026\/03\/IMG_4124-1-1536x1033.jpg 1536w, http:\/\/jalmalv-estvar.fr\/wp-content\/uploads\/2026\/03\/IMG_4124-1-2048x1377.jpg 2048w, http:\/\/jalmalv-estvar.fr\/wp-content\/uploads\/2026\/03\/IMG_4124-1-401x270.jpg 401w\" sizes=\"(max-width: 1024px) 100vw, 1024px\" \/><\/figure>\n<!-- \/wp:image -->\n\n<!-- wp:image -->\n<figure class=\"wp-block-image\"><img alt=\"\" \/><\/figure>\n<!-- \/wp:image --><\/figure>\n<!-- \/wp:gallery -->\n\n<!-- wp:gallery {\"linkTo\":\"none\",\"layout\":{\"type\":\"flex\",\"flexWrap\":null}} -->\n<figure class=\"wp-block-gallery has-nested-images columns-default is-cropped\"><!-- wp:image {\"id\":293,\"sizeSlug\":\"large\",\"linkDestination\":\"none\"} -->\n<figure class=\"wp-block-image size-large\"><img loading=\"lazy\" decoding=\"async\" width=\"1024\" height=\"629\" src=\"http:\/\/jalmalv-estvar.fr\/wp-content\/uploads\/2026\/03\/IMG_4132-1-1024x629.jpg\" alt=\"\" class=\"wp-image-293\" srcset=\"http:\/\/jalmalv-estvar.fr\/wp-content\/uploads\/2026\/03\/IMG_4132-1-1024x629.jpg 1024w, http:\/\/jalmalv-estvar.fr\/wp-content\/uploads\/2026\/03\/IMG_4132-1-300x184.jpg 300w, http:\/\/jalmalv-estvar.fr\/wp-content\/uploads\/2026\/03\/IMG_4132-1-768x471.jpg 768w, http:\/\/jalmalv-estvar.fr\/wp-content\/uploads\/2026\/03\/IMG_4132-1-1536x943.jpg 1536w, http:\/\/jalmalv-estvar.fr\/wp-content\/uploads\/2026\/03\/IMG_4132-1-2048x1257.jpg 2048w, http:\/\/jalmalv-estvar.fr\/wp-content\/uploads\/2026\/03\/IMG_4132-1-440x270.jpg 440w\" sizes=\"(max-width: 1024px) 100vw, 1024px\" \/><\/figure>\n<!-- \/wp:image -->\n\n<!-- wp:image {\"id\":294,\"sizeSlug\":\"large\",\"linkDestination\":\"none\"} -->\n<figure class=\"wp-block-image size-large\"><img loading=\"lazy\" decoding=\"async\" width=\"1024\" height=\"708\" src=\"http:\/\/jalmalv-estvar.fr\/wp-content\/uploads\/2026\/03\/IMG_4131-2-1024x708.jpg\" alt=\"\" class=\"wp-image-294\" srcset=\"http:\/\/jalmalv-estvar.fr\/wp-content\/uploads\/2026\/03\/IMG_4131-2-1024x708.jpg 1024w, http:\/\/jalmalv-estvar.fr\/wp-content\/uploads\/2026\/03\/IMG_4131-2-300x208.jpg 300w, http:\/\/jalmalv-estvar.fr\/wp-content\/uploads\/2026\/03\/IMG_4131-2-768x531.jpg 768w, http:\/\/jalmalv-estvar.fr\/wp-content\/uploads\/2026\/03\/IMG_4131-2-1536x1063.jpg 1536w, http:\/\/jalmalv-estvar.fr\/wp-content\/uploads\/2026\/03\/IMG_4131-2-2048x1417.jpg 2048w, http:\/\/jalmalv-estvar.fr\/wp-content\/uploads\/2026\/03\/IMG_4131-2-390x270.jpg 390w\" sizes=\"(max-width: 1024px) 100vw, 1024px\" \/><\/figure>\n<!-- \/wp:image --><\/figure>\n<!-- \/wp:gallery -->\n\n<!-- wp:paragraph -->\n<p>Nous \u00e9tions un peu moins nombreux que les ann\u00e9es pr\u00e9c\u00e9dentes, les maladies \u00e9tant la cause principale, mais plus de la moiti\u00e9 de nos adh\u00e9rents avaient fait le d\u00e9placement.<\/p>\n<!-- \/wp:paragraph -->\n\n<!-- wp:paragraph -->\n<p>La journ\u00e9e a \u00e9t\u00e9 riche en nouvelles avec en ligne de mire toujours le besoin de nouveaux b\u00e9n\u00e9voles car nous sommes de plus en plus sollicit\u00e9s.<\/p>\n<!-- \/wp:paragraph -->\n\n<!-- wp:paragraph -->\n<p>Encore un grand merci \u00e0 la mairie de Fr\u00e9jus qui met la salle de Madron \u00e0 notre disposition.<\/p>\n<!-- \/wp:paragraph -->\n\n<!-- wp:paragraph -->\n<p><\/p>\n<!-- \/wp:paragraph --><\/div><\/li>\n<li><a class=\"wp-block-latest-posts__post-title\" href=\"http:\/\/jalmalv-estvar.fr\/?p=255\">Roquebrune sur Argens Forum des Seniors avec la pr\u00e9sence de M.le maire Jean Cayron<\/a><div class=\"wp-block-latest-posts__post-full-content\"><\/div><\/li>\n<li><a class=\"wp-block-latest-posts__post-title\" href=\"http:\/\/jalmalv-estvar.fr\/?p=213\">forum h\u00f4pital de Fr\u00e9jus<\/a><div class=\"wp-block-latest-posts__post-full-content\"><!-- wp:paragraph -->\n<p>h\u00f4pital Bonnet<\/p>\n<!-- \/wp:paragraph -->\n\n<!-- wp:image {\"id\":240,\"width\":\"549px\",\"height\":\"auto\",\"sizeSlug\":\"large\",\"linkDestination\":\"none\"} -->\n<figure class=\"wp-block-image size-large is-resized\"><img loading=\"lazy\" decoding=\"async\" width=\"1024\" height=\"576\" src=\"http:\/\/jalmalv-estvar.fr\/wp-content\/uploads\/2025\/09\/WhatsApp-Image-2025-09-30-a-11.32.37_ed4842fb-1024x576.jpg\" alt=\"\" class=\"wp-image-240\" style=\"width:549px;height:auto\" srcset=\"http:\/\/jalmalv-estvar.fr\/wp-content\/uploads\/2025\/09\/WhatsApp-Image-2025-09-30-a-11.32.37_ed4842fb-1024x576.jpg 1024w, http:\/\/jalmalv-estvar.fr\/wp-content\/uploads\/2025\/09\/WhatsApp-Image-2025-09-30-a-11.32.37_ed4842fb-300x169.jpg 300w, http:\/\/jalmalv-estvar.fr\/wp-content\/uploads\/2025\/09\/WhatsApp-Image-2025-09-30-a-11.32.37_ed4842fb-768x432.jpg 768w, http:\/\/jalmalv-estvar.fr\/wp-content\/uploads\/2025\/09\/WhatsApp-Image-2025-09-30-a-11.32.37_ed4842fb-1536x864.jpg 1536w, http:\/\/jalmalv-estvar.fr\/wp-content\/uploads\/2025\/09\/WhatsApp-Image-2025-09-30-a-11.32.37_ed4842fb-480x270.jpg 480w, http:\/\/jalmalv-estvar.fr\/wp-content\/uploads\/2025\/09\/WhatsApp-Image-2025-09-30-a-11.32.37_ed4842fb.jpg 2048w\" sizes=\"(max-width: 1024px) 100vw, 1024px\" \/><\/figure>\n<!-- \/wp:image -->\n\n<!-- wp:paragraph -->\n<p>Stand de Jalmalv <\/p>\n<!-- \/wp:paragraph -->\n\n<!-- wp:paragraph -->\n<p><\/p>\n<!-- \/wp:paragraph --><\/div><\/li>\n<li><a class=\"wp-block-latest-posts__post-title\" href=\"http:\/\/jalmalv-estvar.fr\/?p=203\">Polyclinique Notre Dame de Draguignan<\/a><div class=\"wp-block-latest-posts__post-full-content\"><!-- wp:image {\"id\":204,\"sizeSlug\":\"large\",\"linkDestination\":\"none\"} -->\n<figure class=\"wp-block-image size-large\"><img loading=\"lazy\" decoding=\"async\" width=\"768\" height=\"1024\" src=\"https:\/\/guigotsu.com\/jalmavev3\/wp-content\/uploads\/2025\/09\/00000020-PHOTO-2025-09-19-18-17-46-768x1024.jpg\" alt=\"\" class=\"wp-image-204\" srcset=\"http:\/\/jalmalv-estvar.fr\/wp-content\/uploads\/2025\/09\/00000020-PHOTO-2025-09-19-18-17-46-768x1024.jpg 768w, http:\/\/jalmalv-estvar.fr\/wp-content\/uploads\/2025\/09\/00000020-PHOTO-2025-09-19-18-17-46-225x300.jpg 225w, http:\/\/jalmalv-estvar.fr\/wp-content\/uploads\/2025\/09\/00000020-PHOTO-2025-09-19-18-17-46-1152x1536.jpg 1152w, http:\/\/jalmalv-estvar.fr\/wp-content\/uploads\/2025\/09\/00000020-PHOTO-2025-09-19-18-17-46-203x270.jpg 203w, http:\/\/jalmalv-estvar.fr\/wp-content\/uploads\/2025\/09\/00000020-PHOTO-2025-09-19-18-17-46.jpg 1200w\" sizes=\"(max-width: 768px) 100vw, 768px\" \/><\/figure>\n<!-- \/wp:image -->\n\n<!-- wp:paragraph -->\n<p>Stand JALMALV \u00e0 la polyclinique Notre Dame de Draguignan le Vendredi 14 Mars<\/p>\n<!-- \/wp:paragraph --><\/div><\/li>\n<\/ul>","protected":false},"excerpt":{"rendered":"","protected":false},"author":1,"featured_media":0,"parent":0,"menu_order":0,"comment_status":"closed","ping_status":"closed","template":"","meta":{"footnotes":""},"class_list":["post-18","page","type-page","status-publish","hentry"],"_links":{"self":[{"href":"http:\/\/jalmalv-estvar.fr\/index.php?rest_route=\/wp\/v2\/pages\/18","targetHints":{"allow":["GET"]}}],"collection":[{"href":"http:\/\/jalmalv-estvar.fr\/index.php?rest_route=\/wp\/v2\/pages"}],"about":[{"href":"http:\/\/jalmalv-estvar.fr\/index.php?rest_route=\/wp\/v2\/types\/page"}],"author":[{"embeddable":true,"href":"http:\/\/jalmalv-estvar.fr\/index.php?rest_route=\/wp\/v2\/users\/1"}],"replies":[{"embeddable":true,"href":"http:\/\/jalmalv-estvar.fr\/index.php?rest_route=%2Fwp%2Fv2%2Fcomments&post=18"}],"version-history":[{"count":2,"href":"http:\/\/jalmalv-estvar.fr\/index.php?rest_route=\/wp\/v2\/pages\/18\/revisions"}],"predecessor-version":[{"id":81,"href":"http:\/\/jalmalv-estvar.fr\/index.php?rest_route=\/wp\/v2\/pages\/18\/revisions\/81"}],"wp:attachment":[{"href":"http:\/\/jalmalv-estvar.fr\/index.php?rest_route=%2Fwp%2Fv2%2Fmedia&parent=18"}],"curies":[{"name":"wp","href":"https:\/\/api.w.org\/{rel}","templated":true}]}}

Nos actualités

<ul class="wp-block-latest-posts__list wp-block-latest-posts"><li><a class="wp-block-latest-posts__post-title" href="http://jalmalv-estvar.fr/?p=296">Formation initiale</a><div class="wp-block-latest-posts__post-full-content"><!-- wp:image -->
<figure class="wp-block-image"><img alt="" /></figure>
<!-- /wp:image -->

<!-- wp:image {"id":297,"width":"304px","height":"auto","sizeSlug":"large","linkDestination":"none"} -->
<figure class="wp-block-image size-large is-resized"><img fetchpriority="high" decoding="async" width="1024" height="768" src="http://jalmalv-estvar.fr/wp-content/uploads/2026/03/formation-initiale-2026-03-26-at-16.01.52-1024x768.jpeg" alt="" class="wp-image-297" style="width:304px;height:auto" srcset="http://jalmalv-estvar.fr/wp-content/uploads/2026/03/formation-initiale-2026-03-26-at-16.01.52-1024x768.jpeg 1024w, http://jalmalv-estvar.fr/wp-content/uploads/2026/03/formation-initiale-2026-03-26-at-16.01.52-300x225.jpeg 300w, http://jalmalv-estvar.fr/wp-content/uploads/2026/03/formation-initiale-2026-03-26-at-16.01.52-768x576.jpeg 768w, http://jalmalv-estvar.fr/wp-content/uploads/2026/03/formation-initiale-2026-03-26-at-16.01.52-1536x1152.jpeg 1536w, http://jalmalv-estvar.fr/wp-content/uploads/2026/03/formation-initiale-2026-03-26-at-16.01.52-360x270.jpeg 360w, http://jalmalv-estvar.fr/wp-content/uploads/2026/03/formation-initiale-2026-03-26-at-16.01.52.jpeg 1600w" sizes="(max-width: 1024px) 100vw, 1024px" /></figure>
<!-- /wp:image -->

<!-- wp:paragraph -->
<p>Nouvelle formation débutée en Février pour 7 candidats à l&rsquo;accompagnement avec de gauche à droite : </p>
<!-- /wp:paragraph -->

<!-- wp:paragraph -->
<p>Benoît notre formateur , Katharina, Carole, Manon, Régine, Eva, Stéphane, Marie-Ange et Danielle notre présidente.</p>
<!-- /wp:paragraph --></div></li>
<li><a class="wp-block-latest-posts__post-title" href="http://jalmalv-estvar.fr/?p=283">Assemblée Générale du 7 Février 2026</a><div class="wp-block-latest-posts__post-full-content"><!-- wp:gallery {"linkTo":"none","layout":{"type":"flex","flexWrap":null}} -->
<figure class="wp-block-gallery has-nested-images columns-default is-cropped"><!-- wp:image {"id":290,"sizeSlug":"large","linkDestination":"none"} -->
<figure class="wp-block-image size-large"><img decoding="async" width="1024" height="768" src="http://jalmalv-estvar.fr/wp-content/uploads/2026/03/IMG_4125-1-1024x768.jpg" alt="" class="wp-image-290" srcset="http://jalmalv-estvar.fr/wp-content/uploads/2026/03/IMG_4125-1-1024x768.jpg 1024w, http://jalmalv-estvar.fr/wp-content/uploads/2026/03/IMG_4125-1-300x225.jpg 300w, http://jalmalv-estvar.fr/wp-content/uploads/2026/03/IMG_4125-1-768x576.jpg 768w, http://jalmalv-estvar.fr/wp-content/uploads/2026/03/IMG_4125-1-1536x1152.jpg 1536w, http://jalmalv-estvar.fr/wp-content/uploads/2026/03/IMG_4125-1-2048x1536.jpg 2048w, http://jalmalv-estvar.fr/wp-content/uploads/2026/03/IMG_4125-1-360x270.jpg 360w" sizes="(max-width: 1024px) 100vw, 1024px" /></figure>
<!-- /wp:image -->

<!-- wp:image {"id":291,"width":"427px","height":"auto","sizeSlug":"large","linkDestination":"none"} -->
<figure class="wp-block-image size-large is-resized"><img decoding="async" width="1024" height="689" src="http://jalmalv-estvar.fr/wp-content/uploads/2026/03/IMG_4124-1-1024x689.jpg" alt="" class="wp-image-291" style="width:427px;height:auto" srcset="http://jalmalv-estvar.fr/wp-content/uploads/2026/03/IMG_4124-1-1024x689.jpg 1024w, http://jalmalv-estvar.fr/wp-content/uploads/2026/03/IMG_4124-1-300x202.jpg 300w, http://jalmalv-estvar.fr/wp-content/uploads/2026/03/IMG_4124-1-768x517.jpg 768w, http://jalmalv-estvar.fr/wp-content/uploads/2026/03/IMG_4124-1-1536x1033.jpg 1536w, http://jalmalv-estvar.fr/wp-content/uploads/2026/03/IMG_4124-1-2048x1377.jpg 2048w, http://jalmalv-estvar.fr/wp-content/uploads/2026/03/IMG_4124-1-401x270.jpg 401w" sizes="(max-width: 1024px) 100vw, 1024px" /></figure>
<!-- /wp:image -->

<!-- wp:image -->
<figure class="wp-block-image"><img alt="" /></figure>
<!-- /wp:image --></figure>
<!-- /wp:gallery -->

<!-- wp:gallery {"linkTo":"none","layout":{"type":"flex","flexWrap":null}} -->
<figure class="wp-block-gallery has-nested-images columns-default is-cropped"><!-- wp:image {"id":293,"sizeSlug":"large","linkDestination":"none"} -->
<figure class="wp-block-image size-large"><img loading="lazy" decoding="async" width="1024" height="629" src="http://jalmalv-estvar.fr/wp-content/uploads/2026/03/IMG_4132-1-1024x629.jpg" alt="" class="wp-image-293" srcset="http://jalmalv-estvar.fr/wp-content/uploads/2026/03/IMG_4132-1-1024x629.jpg 1024w, http://jalmalv-estvar.fr/wp-content/uploads/2026/03/IMG_4132-1-300x184.jpg 300w, http://jalmalv-estvar.fr/wp-content/uploads/2026/03/IMG_4132-1-768x471.jpg 768w, http://jalmalv-estvar.fr/wp-content/uploads/2026/03/IMG_4132-1-1536x943.jpg 1536w, http://jalmalv-estvar.fr/wp-content/uploads/2026/03/IMG_4132-1-2048x1257.jpg 2048w, http://jalmalv-estvar.fr/wp-content/uploads/2026/03/IMG_4132-1-440x270.jpg 440w" sizes="(max-width: 1024px) 100vw, 1024px" /></figure>
<!-- /wp:image -->

<!-- wp:image {"id":294,"sizeSlug":"large","linkDestination":"none"} -->
<figure class="wp-block-image size-large"><img loading="lazy" decoding="async" width="1024" height="708" src="http://jalmalv-estvar.fr/wp-content/uploads/2026/03/IMG_4131-2-1024x708.jpg" alt="" class="wp-image-294" srcset="http://jalmalv-estvar.fr/wp-content/uploads/2026/03/IMG_4131-2-1024x708.jpg 1024w, http://jalmalv-estvar.fr/wp-content/uploads/2026/03/IMG_4131-2-300x208.jpg 300w, http://jalmalv-estvar.fr/wp-content/uploads/2026/03/IMG_4131-2-768x531.jpg 768w, http://jalmalv-estvar.fr/wp-content/uploads/2026/03/IMG_4131-2-1536x1063.jpg 1536w, http://jalmalv-estvar.fr/wp-content/uploads/2026/03/IMG_4131-2-2048x1417.jpg 2048w, http://jalmalv-estvar.fr/wp-content/uploads/2026/03/IMG_4131-2-390x270.jpg 390w" sizes="(max-width: 1024px) 100vw, 1024px" /></figure>
<!-- /wp:image --></figure>
<!-- /wp:gallery -->

<!-- wp:paragraph -->
<p>Nous étions un peu moins nombreux que les années précédentes, les maladies étant la cause principale, mais plus de la moitié de nos adhérents avaient fait le déplacement.</p>
<!-- /wp:paragraph -->

<!-- wp:paragraph -->
<p>La journée a été riche en nouvelles avec en ligne de mire toujours le besoin de nouveaux bénévoles car nous sommes de plus en plus sollicités.</p>
<!-- /wp:paragraph -->

<!-- wp:paragraph -->
<p>Encore un grand merci à la mairie de Fréjus qui met la salle de Madron à notre disposition.</p>
<!-- /wp:paragraph -->

<!-- wp:paragraph -->
<p></p>
<!-- /wp:paragraph --></div></li>
<li><a class="wp-block-latest-posts__post-title" href="http://jalmalv-estvar.fr/?p=255">Roquebrune sur Argens Forum des Seniors avec la présence de M.le maire Jean Cayron</a><div class="wp-block-latest-posts__post-full-content"></div></li>
<li><a class="wp-block-latest-posts__post-title" href="http://jalmalv-estvar.fr/?p=213">forum hôpital de Fréjus</a><div class="wp-block-latest-posts__post-full-content"><!-- wp:paragraph -->
<p>hôpital Bonnet</p>
<!-- /wp:paragraph -->

<!-- wp:image {"id":240,"width":"549px","height":"auto","sizeSlug":"large","linkDestination":"none"} -->
<figure class="wp-block-image size-large is-resized"><img loading="lazy" decoding="async" width="1024" height="576" src="http://jalmalv-estvar.fr/wp-content/uploads/2025/09/WhatsApp-Image-2025-09-30-a-11.32.37_ed4842fb-1024x576.jpg" alt="" class="wp-image-240" style="width:549px;height:auto" srcset="http://jalmalv-estvar.fr/wp-content/uploads/2025/09/WhatsApp-Image-2025-09-30-a-11.32.37_ed4842fb-1024x576.jpg 1024w, http://jalmalv-estvar.fr/wp-content/uploads/2025/09/WhatsApp-Image-2025-09-30-a-11.32.37_ed4842fb-300x169.jpg 300w, http://jalmalv-estvar.fr/wp-content/uploads/2025/09/WhatsApp-Image-2025-09-30-a-11.32.37_ed4842fb-768x432.jpg 768w, http://jalmalv-estvar.fr/wp-content/uploads/2025/09/WhatsApp-Image-2025-09-30-a-11.32.37_ed4842fb-1536x864.jpg 1536w, http://jalmalv-estvar.fr/wp-content/uploads/2025/09/WhatsApp-Image-2025-09-30-a-11.32.37_ed4842fb-480x270.jpg 480w, http://jalmalv-estvar.fr/wp-content/uploads/2025/09/WhatsApp-Image-2025-09-30-a-11.32.37_ed4842fb.jpg 2048w" sizes="(max-width: 1024px) 100vw, 1024px" /></figure>
<!-- /wp:image -->

<!-- wp:paragraph -->
<p>Stand de Jalmalv </p>
<!-- /wp:paragraph -->

<!-- wp:paragraph -->
<p></p>
<!-- /wp:paragraph --></div></li>
<li><a class="wp-block-latest-posts__post-title" href="http://jalmalv-estvar.fr/?p=203">Polyclinique Notre Dame de Draguignan</a><div class="wp-block-latest-posts__post-full-content"><!-- wp:image {"id":204,"sizeSlug":"large","linkDestination":"none"} -->
<figure class="wp-block-image size-large"><img loading="lazy" decoding="async" width="768" height="1024" src="https://guigotsu.com/jalmavev3/wp-content/uploads/2025/09/00000020-PHOTO-2025-09-19-18-17-46-768x1024.jpg" alt="" class="wp-image-204" srcset="http://jalmalv-estvar.fr/wp-content/uploads/2025/09/00000020-PHOTO-2025-09-19-18-17-46-768x1024.jpg 768w, http://jalmalv-estvar.fr/wp-content/uploads/2025/09/00000020-PHOTO-2025-09-19-18-17-46-225x300.jpg 225w, http://jalmalv-estvar.fr/wp-content/uploads/2025/09/00000020-PHOTO-2025-09-19-18-17-46-1152x1536.jpg 1152w, http://jalmalv-estvar.fr/wp-content/uploads/2025/09/00000020-PHOTO-2025-09-19-18-17-46-203x270.jpg 203w, http://jalmalv-estvar.fr/wp-content/uploads/2025/09/00000020-PHOTO-2025-09-19-18-17-46.jpg 1200w" sizes="(max-width: 768px) 100vw, 768px" /></figure>
<!-- /wp:image -->

<!-- wp:paragraph -->
<p>Stand JALMALV à la polyclinique Notre Dame de Draguignan le Vendredi 14 Mars</p>
<!-- /wp:paragraph --></div></li>
</ul>
